
-6
Let d(z) = -16*z - 110. Let l(s) = 7*s + 54. Let t(p) = -2*d(p) - 5*l(p). Determine t(-15).
-5
Suppose 0 = -2*k + s + 20, 5*s + 12 = 2*s. Let q(u) = -u**2 + 10*u - 12. Give q(k).
4
Let j be (26 - 25)*(3 + -3). Let v(r) be the second derivative of 0*r**3 + 5*r + 3/2*r**2 - 1/12*r**4 + j. Give v(-3).
-6
Suppose -3*j + 12 = j, -5*k + j = -7. Let a be ((-15)/10)/(k/(16/(-6))). Let u(q) = 3*q**3 - q**2 - 2*q - 1. What is u(a)?
15
Let q(m) = 2*m**2 + 2*m + 1. Let d(l) = l**2 + l + 1. Let u(i) = 7*d(i) - 4*q(i). Let k be 0/(-1 + 1 + 2). Let t = k - 0. Calculate u(t).
3
Let u(o) = -o**2 - 8*o - 9. Let y(a) be the second derivative of -a**4/12 - 7*a**3/6 - 4*a**2 - 16*a. Let q(n) = 5*u(n) - 6*y(n). Give q(-5).
18
Let f(w) = -w**2 - 17*w - 32. Let u be f(-14). Suppose 2*s = -u, 2*v + 3*s - 7*s = 4. Let a(o) = o + 15. Determine a(v).
7
Let z be (0/(3 + -2))/1. Suppose -2*u + 2*i = -3*u, -2*u + i + 5 = z. Let g(p) = -1 + 1 - 2*p**2 + 5*p + p**u. What is g(6)?
-6
Let g(c) be the second derivative of c**4/24 - c**3/6 + 9*c**2/2 + 11*c. Let z(p) be the first derivative of g(p). Calculate z(-8).
-9
Let k(u) = u + 2. Let m(d) = d**3 - 9*d**2 + 5*d + 21. Let h be m(8). Let g be -3 + h/6 + 57/6. Determine k(g).
8
Let v(b) be the second derivative of -b**4/12 - 4*b**3/3 - 3*b**2 + 30*b - 2. What is v(-6)?
6
Suppose -4*b + 12 = -0*b. Let q(k) = -3*k**3 - k**2 + 6*k - 3. Let l(t) = -2*t**3 - 2*t**2 + 5*t - 2. Let f(i) = b*q(i) - 4*l(i). What is f(5)?
-11
Suppose -5 = -y - v, 2*v + 3*v = -2*y + 7. Let l(p) = -7*p - 5. Let f(w) = -16*w - 10. Let g(o) = -4*f(o) + 9*l(o). What is g(y)?
1
Suppose -4*k = -n + 22, 3*n = -5*k + 3*k + 66. Let d = 40 - n. Suppose 7*y - 5*c = 3*y + 7, 3*c = -5*y + d. Let j(r) = -2*r + 4. Calculate j(y).
-2
Let n(k) = -28*k**2 + 1 + 13*k**2 - 6 + 14*k**2 + 5*k. Let l be n(4). Let c(f) = -f**2 + 2*f - 6. Let t(h) = -1. Let d(r) = l*c(r) + 3*t(r). Give d(3).
6
Let w(z) = z**3 - 4*z - 5. Suppose -12*k - 4*v - 12 = -8*k, 6 = -k - 4*v. Calculate w(k).
-5
Let t(z) = -34 - 34 - 6*z + 79. Calculate t(4).
-13
Let y(g) = g**3 + 4*g**2 + 4*g + 2. Suppose -5*i - 2*f = -2, 4 = -i + 4*f + 22. Let d be (6 + -3)*i/(-3). Calculate y(d).
2
Let c(v) = v**3 - v**2 + v. Let l(o) = 3*o**3 - 2*o**2 + 3*o + 2. Let d(q) = 5*c(q) - l(q). Let g be (2 - 5)/(3/(-2)). Determine d(g).
6
Let z(o) = -3*o**2 - 17*o**2 + 4 - 9*o**2 + 28*o**2 - 3 + 3*o. Give z(3).
1
Let i be ((1 - 4) + 1)*5/2. Let d(r) = 2*r - 11. Calculate d(i).
-21
Suppose -29*u = -26*u - 3. Let r be -23 + 32 + (-3 - u). Let d(l) be the second derivative of -l**3/3 + l**2/2 + 13*l. Give d(r).
-9
Suppose 18 - 18 = 5*k. Let p(w) be the second derivative of k + 3/2*w**2 + 2*w - 1/6*w**3. Calculate p(5).
-2
Let z(a) be the second derivative of 5*a**3/6 + a**2/2 + 88*a. Give z(5).
26
Let i = -1 - -3. Suppose -4 = -2*p + 3*x - 5, 3*p - i*x = 6. Let u(q) = q**2 - 4*q + 1. What is u(p)?
1
Let o be 398/6 - 1/3. Let j(k) = -55 + 2*k - k + o. Let v be ((-6)/5)/((-11)/(-55)). Give j(v).
5
Let a(w) = w**3 + 6*w**2 + 1. Let t = -3 + 4. Let s be -1*(t + (3 - 2)). Let v = -4 + s. Determine a(v).
1
Let x(c) = -2*c**2 + c. Let q(g) = g**3 - 3*g**2 + 3. Let t be q(3). Let f be 1*((-2)/(-1) - t). Give x(f).
-3
Let a(q) be the second derivative of 8*q - 1/20*q**5 + 2*q**2 - 1/2*q**3 + 0 + 5/12*q**4. Let o be (28/21)/(1/3). Determine a(o).
8
Let x(y) = 2*y - y + y. Let b be 6/15 - (-17)/(-5). Let u be (-2 - b)/2*10. Give x(u).
10
Let d(u) = 4*u - 1. Let y(t) = -2*t**2 + 4. Let m be y(-2). Determine d(m).
-17
Let r(a) = 5*a**2 - 10*a - 65. Let n(v) = v**2 - 3*v - 16. Let l(h) = -9*n(h) + 2*r(h). Determine l(-6).
8
Let i = 1076 - 1073. Let r(t) be the third derivative of -3*t**2 + 0*t + 1/24*t**4 + 0 - 1/6*t**i. Calculate r(-4).
-5
Let d be 0 + 4 - (8 + -6). Let n(x) = -3*x + 3*x + 3*x**d - 2*x + x**3 + 4. Let h = 123 + -127. Determine n(h).
-4
Suppose 0 = -2*q + 4*q - 4. Let i(d) = 16 - 6 - 9 - q*d. Let y(g) = 3*g**3 + 2*g**2 + g. Let h be y(-1). Give i(h).
5
Let o = 8 + -5. Suppose -7 = -15*f + 8. Let v(h) = -h + o + 1 - f. Give v(-3).
6
Let o(y) = 4*y - 3*y**3 + 5*y**2 - 8*y + 2*y**3 + 2. Let q be o(4). Let r(g) = 2*g**q + 1 - 3*g**2 + 6*g**2 - 3*g. Determine r(2).
15
Let i(n) = 3*n - 1. Suppose -2*q - 9 - 1 = 5*h, -4*q + 2 = -h. Calculate i(q).
-1
Let y(t) = -71*t - 7*t**2 - 64*t - t**3 + 202*t - 6 - 76*t. Let w(m) = m**2 - 6. Let b be w(0). Determine y(b).
12
Let b(f) = f + 3. Let c be b(0). Let p(l) = 1 - l + c + 0 + 0. Let z(y) = y**2 + y - 2. Let v be z(-3). Determine p(v).
0
Let c be (2/(-4))/(1/(-2)). Let u(o) = -2*o**2 + 6*o + 5. Let j(y) = -7*y**2 + 20*y + 16. Let x(m) = 4*j(m) - 13*u(m). Give x(c).
-1
Let l(u) = -2. Let o(p) = 2*p - 1. Let z(v) = -l(v) + o(v). Give z(2).
5
Let j(x) = 2 + 2 + x**3 - 56*x**2 + 59*x**2 + 2*x. Calculate j(-3).
-2
Let p(w) = w**2 + 4*w - 3. Let m(h) = -h**3 + 7*h**2 + 2*h - 18. Let u be m(7). Calculate p(u).
-3
Let z(o) be the third derivative of 1/120*o**6 - 25*o**2 - 7/6*o**3 + 0 + 1/8*o**4 + 1/10*o**5 + 0*o. Give z(-5).
3
Let h(g) = -6*g - 1. Let j(a) = -7*a. Let u(v) = 5*h(v) - 4*j(v). Let n be (-6)/(-15)*8 - 2/10. Let t be (33/3 - n) + -4. Give u(t).
-13
Let k(t) = -t**2 + t + 1. Let g(j) = j**2 - 7*j + 9. Let y be g(2). Let w(p) = -p**3 - 8*p**2 - 3*p + 7. Let r(s) = y*w(s) + 2*k(s). Calculate r(-5).
-5
Let y(o) = 3*o**2 - 11. Let z(d) = -d**2 + 5. Let g(c) = 2*y(c) + 5*z(c). Let r be (-3)/(12/(-16)) - 1. Suppose 6*k + 9 = r*k. What is g(k)?
12
Let a(u) = 19 + 3 + 3*u - 11. Give a(-6).
-7
Let i(m) = m**3 + 5*m + 279 + 0*m - 284 - 7*m**2. Let p = -2 - -8. What is i(p)?
-11
Suppose -2*l = -3*l - 3. Let f(j) = -5 + 3*j + j**2 - j + 3*j + 2*j - 6*j. Let h be f(l). Let p(y) = y**3 - y**2 + y - 1. Determine p(h).
0
Let i(d) = d**3 - d**2 - 6*d. Let x(s) = s. Let a(f) = -i(f) - 6*x(f). Let p = -68 + 69. Let l be (0 - p/(-4))*8. What is a(l)?
-4
Let g(u) = -5*u**2 - 3*u + 2. Let s(p) = -27*p**2 - 16*p + 12. Let c(o) = 11*g(o) - 2*s(o). Calculate c(-7).
-44
Suppose m + 2*a = 10, 6*m - 35 = m - 5*a. Let r = -3 + m. Let w be 1/((2 + r)/6). Let n(q) = -2*q + 2. Give n(w).
-2
Let v(g) = 14*g**2 + 2*g + 1. Let z(j) = j + 13. Let k be z(-8). Suppose 0 = -4*p - k*o + 1 - 0, -o + 4 = -3*p. Calculate v(p).
13
Let p(d) = d**3 - d - 1. Suppose -5*i + 11 = 4*w, 27*i - 4*w = 31*i - 8. Give p(i).
23
Let u(w) = -w**2 - 13*w + 14. Let t be u(-14). Suppose 3*q - 6 - 3 = t. Let z(k) = 2*k**2 - k - 2. Give z(q).
13
Suppose -187*p + 14 = -185*p. Let y(m) = -m - 13. What is y(p)?
-20
Let h(k) = 24*k. Let m = 541 - 540. Determine h(m).
24
Let u(a) = a**3 - 10*a**2 - 16*a + 54. Let k be u(11). Let i(x) = 18*x - 2. Determine i(k).
-20
Let u(a) = -2 + 16*a - 13*a + 8*a. What is u(-2)?
-24
Let w(f) = -9 - 4 + 3 - 2*f - f**2 + 10*f - f. Determine w(7).
-10
Suppose -13*z = -10*z - 33. Suppose -y = 2*f + z, 5*f + 3*y = -0*f - 27. Let v(m) = -9*m + 25. Let c(x) = 2*x - 6. Let l(b) = f*v(b) - 26*c(b). Determine l(-7).
-8
Suppose v - 3*d - 17 = 0, v - d = 17 - 0. Let k(z) = -v + 4 + z**2 + 3*z + 5*z. Give k(-10).
7
Let f(b) be the first derivative of 1/4*b**4 + 11/2*b**2 - 13*b + 21 - 10/3*b**3. Give f(9).
5
Let g(j) = -3*j**2 - 5 - 9 + 2*j**2 + 13. Determine g(-3).
-10
Let z(c) = 2*c + 3. Let h be (1 + (-9)/6)*(3 - 3). Let a be z(h). Let t(r) = -3 - r**3 + 2*r**3 - 3*r**2 + 0*r**3. What is t(a)?
-3
Let w = 271 - 5419/20. Let j(b) be the second derivative of 0*b**3 - 1/3*b**4 + 0*b**2 + b + 0 - w*b**5. Determine j(-2).
-8
Let d be 0*(-9)/99 + 3/1. Let j(p) = p**3 - 4*p**2 + 3*p. Calculate j(d).
0
Let h(s) be the second derivative of 10*s + 0 - 1/3*s**3 + s**2. Suppose 4*f - 15 = f. Give h(f).
-8
Let y(d) = -d**3 + 3*d - 1. Let b(q) = 5*q**2 + 2. Let w be b(-2). Suppose -4*z - 24 = -8*z - 4*a, 0 = -3*z - 4*a + w. What is y(z)?
-3
Suppose 0 = -4*y + 6 + 14. Suppose -y*g + 5*d = -0*g - 45, 6 = 3*g + 4*d. Let u(x) = x**3 - 7*x**2 + 8*x - 3. Give u(g).
9
Let d = 1201 - 1204. Let s(m) = m**2 - 2*m - 2. What is s(d)?
13
Let m(s) = -7 - 11 + 34*s**3 + 3 - 32*s**3 + 1 - 11*s**2 - 4*s. Determine m(6).
-2
Let w(r) = 3*r - 1. Let l(x) = 4*x - 1. Let o(d) = -5*l(d) + 6*w(d). Let f be o(2). Let h(b) = b**2 + 3*b - 3. Calculate h(f).
7
Let n(p) = 4*p**2 - p**3 + 0*p - p**2 + p - 4*p**2. Let s(g) = -3*g**3 + 3*g + 3. Let w(h) = -2*n(